40 a multiple of 403?
True
Is 12389646 a multiple of 28?
False
Is 45 a factor of 1229158395?
True
Does 115 divide 11587055?
True
Does 220 divide 517867240?
True
Is 1249587460 a multiple of 10?
True
Is 2728242 a multiple of 33?
True
Is 1548540828 a multiple of 1452?
False
Is 12 a factor of 94394978?
False
Does 4898 divide 778360772?
True
Is 144538005 a multiple of 15?
True
Is 103565243 a multiple of 14?
False
Does 26 divide 198581332?
False
Is 63567378 a multiple of 18?
True
Does 1005 divide 2056681245?
True
Does 10 divide 310587988?
False
Is 230 a factor of 68651090?
True
Is 407950 a multiple of 205?
True
Is 7665840 a multiple of 1404?
True
Is 141924510 a multiple of 155?
True
Is 5 a factor of 18332940?
True
Is 142250099 a multiple of 138?
False
Is 5 a factor of 81657639?
False
Is 222603576 a multiple of 5304?
True
Does 11 divide 2911788?
True
Does 21 divide 1883360387?
False
Does 10 divide 1290400?
True
Is 6533 a factor of 771148787?
True
Does 384 divide 593131891?
False
Does 8 divide 2011064?
True
Does 161 divide 248382025?
False
Is 1584 a factor of 171029232?
True
Is 11632352 a multiple of 629?
False
Is 1492 a factor of 19860012?
True
Does 609 divide 23142752?
False
Is 1551551055 a multiple of 12451?
False
Is 3356140 a multiple of 85?
True
Is 277 a factor of 110180074?
True
Does 20 divide 394848395?
False
Does 6 divide 124597350?
True
Does 19 divide 421045087?
False
Is 63841397 a multiple of 517?
False
Is 47 a factor of 1138638868?
False
Is 308189520 a multiple of 720?
True
Does 1341 divide 5861735?
False
Does 357 divide 75903912?
True
Is 82 a factor of 866003903?
False
Does 118 divide 31342216?
True
Is 25554860 a multiple of 10?
True
Is 118 a factor of 132943284?
True
Is 23644023 a multiple of 1839?
True
Is 13164614 a multiple of 1236?
False
Does 88 divide 22914232?
True
Is 1172 a factor of 35081343?
False
Is 23629710 a multiple of 2?
True
Is 38981085 a multiple of 85?
True
Does 13 divide 19749782?
True
Does 32 divide 2342138130?
False
Is 822131772 a multiple of 3452?
True
Is 59691416 a multiple of 13?
False
Does 225 divide 512324100?
True
Does 259 divide 1789274046?
True
Does 1891 divide 27448439?
False
Is 319751465 a multiple of 193?
False
Does 950 divide 379864398?
False
Does 177 divide 68853000?
True
Is 61 a factor of 23569731?
False
Is 427 a factor of 649908166?
False
Is 19 a factor of 14475492?
True
Is 60684349 a multiple of 58?
False
Is 25 a factor of 283111200?
True
Is 132137244 a multiple of 108?
True
Is 522 a factor of 24087542?
False
Is 23065848 a multiple of 461?
False
Is 24 a factor of 85015344?
True
Does 1552 divide 1503116656?
True
Does 253 divide 216958963?
False
Is 200 a factor of 297670709?
False
Does 50 divide 13126350?
True
Does 1255 divide 2287195863?
False
Is 92 a factor of 31123835?
False
Is 2 a factor of 11040072?
True
Does 21 divide 131646986?
False
Is 167 a factor of 109299563?
False
Is 73 a factor of 1826656?
False
Is 970 a factor of 157136120?
True
Is 671137136 a multiple of 1061?
False
Does 1037 divide 63460252?
True
Is 156620401 a multiple of 11?
False
Is 205960608 a multiple of 912?
True
Does 7 divide 507419?
False
Is 58 a factor of 123407792?
False
Does 13 divide 357434857?
True
Does 2843 divide 825455690?
False
Is 6479 a factor of 1997843691?
False
Does 88 divide 52023136?
True
Is 39535571 a multiple of 3468?
False
Is 326081142 a multiple of 8138?
False
Does 2314 divide 6703258?
False
Is 159 a factor of 46050534?
True
Does 27 divide 322572064?
False
Is 1242 a factor of 727215840?
True
Is 44972056 a multiple of 1109?
False
Does 16 divide 883013232?
True
Does 126 divide 133996640?
False
Is 1226 a factor of 1940574100?
True
Is 2530930002 a multiple of 259?
False
Is 7 a factor of 69099912?
True
Does 1616 divide 4883944677?
False
Does 1008 divide 575977248?
True
Does 740 divide 11497045?
False
Does 2368 divide 645239744?
True
Is 7 a factor of 97927831?
False
Does 41 divide 9322088?
True
Is 1810 a factor of 36589150?
True
Does 269 divide 113183364?
True
Is 142069378 a multiple of 2784?
False
Does 2 divide 235426599?
False
Is 129 a factor of 16284960?
True
Is 23544840 a multiple of 440?
True
Is 41 a factor of 31090290?
False
Is 12 a factor of 1042163759?
False
Is 1175 a factor of 45173078?
False
Is 33 a factor of 15236694?
True
Is 35 a factor of 42129444?
False
Is 14277306 even?
True
Does 2686 divide 1201324244?
True
Is 1751538600 a multiple of 216?
True
Is 8 a factor of 85292296?
True
Is 255491089 a multiple of 9?
False
Is 182183182 a multiple of 13?
False
Is 35905289 a multiple of 53?
False
Is 122307767 a multiple of 76?
False
Is 180 a factor of 139590?
False
Does 32 divide 249249856?
True
Does 9 divide 41041845?
True
Is 818415103 a multiple of 11?
True
Does 31 divide 59114396?
True
Is 116 a factor of 18291618?
False
Does 129 divide 27492029?
False
Does 8 divide 35872968?
True
Does 322 divide 22183606?
False
Does 19 divide 1468572745?
False
Is 401225528 a multiple of 178?
True
Does 189 divide 2244641?
False
Does 295 divide 79131980?
True
Is 279676515 a multiple of 134?
False
Does 222 divide 55763503?
False
Is 141346140 a multiple of 20?
True
Is 4559213 a multiple of 11?
False
Does 14781 divide 2927480517?
True
Does 83 divide 191555285?
True
Is 50740249 a multiple of 51?
False
Does 19 divide 2984419?
False
Is 4686 a factor of 650758878?
True
Is 5077 a factor of 121641297?
False
Does 1032 divide 46910592?
True
Is 6687533 a multiple of 12?
False
Is 5445 a factor of 2531698775?
False
Does 972 divide 8163550?
False
Is 1658 a factor of 161516464?
False
Does 18 divide 7129790?
False
Is 8990188 a multiple of 614?
True
Is 77439108 a multiple of 155?
False
Is 504391356 a multiple of 63?
True
Is 5537307 a multiple of 16?
False
Does 326 divide 142985908?
False
Is 2981802269 a multiple of 9337?
False
Is 1075396 a multiple of 28?
True
Does 307 divide 183486824?
False
Is 111547928 a multiple of 863?
True
Is 1494826250 a multiple of 50?
True
Does 2 divide 19586540?
True
Is 1883218615 a multiple of 35?
False
Does 18 divide 1371909834?
True
Is 69274077 a multiple of 779?
False
Is 5246 a factor of 22800845?
False
Is 357302883 a multiple of 3941?
True
Is 142 a factor of 2194291474?
False
Does 1247 divide 458582576?
False
Is 677392775 a multiple of 205?
True
Is 28 a factor of 971569396?
True
Does 702 divide 2543105214?
True
Does 352 divide 2007956145?
False
Is 42962030 a multiple of 27?
False
Does 1901 divide 25835466?
False
Is 122 a factor of 18176161?
False
Does 35 divide 40731398?
False
Is 71097024 a multiple of 2098?
True
Is 3981236647 a multiple of 17?
True
Is 551450775 a multiple of 3515?
True
Does 9 divide 383665942?
False
Is 11 a factor of 7381364?
False
Does 97 divide 292259385?
False
Is 1181 a factor of 98422979?
False
Is 40475951 a multiple of 161?
False
Does 18 divide 54947412?
True
Is 6299 a factor of 814780605?
False
Is 24377474 a multiple of 152?
False
Is 14070574 a multiple of 646?
False
Is 2258 a factor of 1582383820?
True
Is 27985136 a multiple of 5?
False
Does 4159 divide 360132985?
False
Is 96255836 a multiple of 68?
True
Is 35 a factor of 462490?
True
Is 1271 a factor of 197770268?
False
Does 371 divide 38775065?
True
Does 20 divide 22132158?
False
Is 18 a factor of 1617363342?
True
Does 1263 divide 13137366?
False
Is 197411466 a multiple of 257?
True
Is 5 a factor of 1151693632?
False
Is 5 a factor of 873994070?
True
Is 637104541 a multiple of 3706?
False
Does 2856 divide 224479853?
False
Does 227 divide 339566122?
True
Does 239 divide 2441296445?
False
Does 1731 divide 81907458?
True
Is 63 a factor of 2514304558?
False
Is 90 a factor of 13892220?
True
Does 22 divide 5339941?
False
Is 33 a factor of 1564257507?
False
Does 11 divide 23688924?
False
Is 31 a factor of 55071235?
False
Is 109539184 a multiple of 16?
True
Is 373328522 a multiple of 83?
True
Is 1882460721 a multiple of 6343?
False
Is 13 a factor of 31193578?
True
Is 4 a factor of 24289596?
True
Does 758 divide 28574980?
False
Is 3 a factor of 3726100?
False
Is 5429 a factor of 124552118?
True
Is 23 a factor of 19027371?
True
Does 21 divide 24941826?
True
Does 42 divide 63902580?
True
Is 3424117092 a multiple of 33?
True
Is 26 a factor of 2837259505?
False
Does 4 divide 820156952?
True
Does 467 divide 73536622?
True
Is 121 a factor of 565872145?
F